ate the greatest common divisor of 679320 and 24.
24
What is the greatest common divisor of 2885 and 1445?
5
What is the greatest common divisor of 97513 and 14425?
577
What is the greatest common factor of 204 and 810186?
102
Calculate the highest common divisor of 32244 and 252.
12
Calculate the greatest common divisor of 59469 and 473.
43
What is the greatest common factor of 3306568 and 82?
82
What is the highest common factor of 186858 and 7?
7
Calculate the greatest common factor of 583 and 29044.
53
What is the greatest common divisor of 39 and 16563?
3
What is the highest common divisor of 663 and 83487?
51
Calculate the highest common divisor of 11807 and 2.
1
Calculate the highest common divisor of 105 and 21875.
35
What is the highest common factor of 206 and 255234?
206
What is the highest common divisor of 111 and 5624?
37
What is the greatest common factor of 980 and 5801110?
490
What is the greatest common divisor of 32754 and 1272?
318
Calculate the highest common divisor of 22385 and 7955.
185
What is the highest common factor of 5430 and 295392?
1086
Calculate the highest common factor of 584811 and 17919.
1629
Calculate the greatest common divisor of 399984 and 52.
52
Calculate the highest common factor of 4 and 526336.
4
What is the highest common divisor of 24 and 69948?
12
What is the highest common divisor of 360506 and 418?
38
Calculate the greatest common factor of 2205 and 4095.
315
Calculate the highest common divisor of 9 and 2028.
3
What is the greatest common factor of 2684 and 145244?
44
What is the highest common factor of 312 and 1675791?
39
Calculate the highest common factor of 12012103 and 4106.
2053
Calculate the highest common factor of 1385087 and 1936.
121
Calculate the greatest common factor of 38 and 230736.
38
Calculate the highest common factor of 1085 and 4235.
35
What is the greatest common divisor of 17385 and 5250?
15
What is the greatest common factor of 4 and 31028?
4
What is the highest common factor of 252 and 7884?
36
What is the greatest common factor of 3773817 and 206?
103
Calculate the greatest common factor of 4078210 and 10.
10
What is the greatest common divisor of 1 and 45478?
1
Calculate the greatest common divisor of 6 and 793860.
6
What is the greatest common factor of 16193515 and 130?
65
Calculate the highest common divisor of 9577 and 54479.
157
What is the highest common factor of 38754 and 54?
18
Calculate the greatest common divisor of 35093 and 38.
19
What is the highest common factor of 22372 and 2023?
119
Calculate the highest common divisor of 58 and 116029.
29
What is the greatest common divisor of 29073 and 561?
33
What is the greatest common divisor of 396 and 101937?
33
What is the highest common factor of 358125 and 573?
573
Calculate the greatest common divisor of 172963 and 28.
7
Calculate the highest common factor of 375 and 23565.
15
Calculate the highest common divisor of 10089 and 249983.
1121
Calculate the highest common divisor of 717030 and 1860.
930
What is the highest common divisor of 448 and 2475536?
112
What is the highest common divisor of 1440230 and 66?
22
Calculate the highest common divisor of 475 and 6975.
25
What is the greatest common divisor of 105 and 102495?
15
What is the highest common factor of 43 and 19651?
43
What is the highest common factor of 66447 and 276?
69
Calculate the greatest common factor of 14746732 and 812.
812
What is the highest common factor of 4710 and 90?
30
What is the greatest common divisor of 18997 and 1089?
121
Calculate the greatest common factor of 5026 and 238.
14
What is the greatest common factor of 2330 and 1713715?
1165
Calculate the greatest common factor of 10642 and 714.
34
Calculate the greatest common factor of 63 and 482979.
21
Calculate the greatest common factor of 222052 and 688.
172
What is the highest common divisor of 1110384 and 3960?
792
Calculate the greatest common factor of 1856 and 145783.
29
Calculate the greatest common divisor of 6973 and 209.
19
Calculate the highest common factor of 7741 and 2.
1
What is the greatest common factor of 47704 and 42612?
268
What is the greatest common divisor of 7 and 6588?
1
What is the greatest common divisor of 9659 and 65?
13
What is the greatest common factor of 217 and 145545?
31
Calculate the highest common divisor of 50541 and 51.
51
What is the highest common factor of 1274 and 32592?
14
Calculate the highest common divisor of 165 and 79215.
15
What is the highest common divisor of 4122 and 6174?
18
What is the highest common divisor of 9067400 and 200?
200
What is the highest common divisor of 30 and 18750?
30
What is the greatest common divisor of 2 and 18407?
1
Calculate the highest common factor of 6687 and 1351517.
743
What is the highest common divisor of 2832 and 2928?
48
What is the highest common divisor of 3610 and 304?
38
What is the highest common factor of 203 and 195083?
203
What is the greatest common divisor of 209871 and 9?
9
Calculate the greatest common factor of 1436 and 236.
4
What is the greatest common factor of 1050 and 3650?
50
Calculate the greatest common divisor of 330 and 1378740.
330
Calculate the highest common divisor of 584 and 28105.
73
Calculate the highest common factor of 1168 and 3.
1
What is the greatest common factor of 492 and 1449?
3
What is the highest common divisor of 1164 and 77724?
12
What is the greatest common factor of 9 and 580977?
9
Calculate the highest common factor of 100078 and 22.
22
What is the highest common divisor of 134080 and 928?
32
What is the greatest common factor of 9894 and 29100?
582
What is the highest common divisor of 2176 and 187?
17
Calculate the greatest common factor of 102546 and 1688.
422
Calculate the highest common divisor of 1428 and 507552.
204
Calculate the highest common factor of 110706 and 12.
6
What is the highest common divisor of 60 and 503265?
15
Calculate the highest common divisor of 140968 and 5896.
536
Calculate the greatest common factor of 265 and 2.
1
What is the highest common divisor of 1092 and 28896?
84
Calculate the greatest common factor of 2756 and 17172.
212
Calculate the greatest common factor of 12777 and 12.
3
Calculate the highest common factor of 46080 and 90.
90
What is the greatest common factor of 559572 and 12?
12
What is the greatest common divisor of 273920 and 136?
8
What is the greatest common divisor of 352 and 1441792?
352
Calculate the highest common factor of 2457 and 254709.
819
What is the highest common factor of 430821 and 9?
9
Calculate the greatest common factor of 197633 and 257.
257
What is the highest common factor of 3000 and 2112?
24
What is the greatest common factor of 302640 and 360?
120
What is the greatest common divisor of 1907533 and 29?
29
What is the greatest common factor of 3073 and 791?
7
What is the highest common factor of 83 and 1674359?
83
What is the greatest common factor of 746912 and 144?
16
Calculate the greatest common divisor of 59520 and 1095.
15
What is the greatest common factor of 530 and 1931850?
530
Calculate the highest common factor of 716 and 332.
4
What is the greatest common factor of 427 and 49776?
61
Calculate the greatest common factor of 69 and 79557.
69
Calculate the greatest common factor of 27 and 7407.
9
Calculate the greatest common divisor of 1201 and 32.
1
Calculate the highest common divisor of 1376448 and 536.
536
Calculate the greatest common divisor of 585431 and 121.
11
Calculate the highest common factor of 888 and 1225144.
296
Calculate the highest common factor of 1042 and 81797.
521
What is the highest common factor of 144 and 81171?
9
What is the highest common divisor of 200 and 282050?
50
Calculate the greatest common divisor of 24 and 3828.
12
What is the greatest common factor of 97064 and 352?
88
What is the greatest common divisor of 23 and 164818?
23
What is the highest common factor of 7 and 5173?
7
Calculate the greatest common factor of 75 and 2355.
15
What is the highest common divisor of 8908 and 352652?
524
Calculate the greatest common factor of 22517970 and 30.
30
Calculate the greatest common factor of 3 and 158637.
3
Calculate the highest common divisor of 224 and 1751008.
224
Calculate the greatest common factor of 77894 and 136.
34
Calc